{"id":1941,"date":"2025-07-31T08:41:10","date_gmt":"2025-07-31T06:41:10","guid":{"rendered":"https:\/\/www.etetrad.org\/?post_type=gruppi&#038;p=1941"},"modified":"2025-07-31T08:42:27","modified_gmt":"2025-07-31T06:42:27","slug":"blu-lazard","status":"publish","type":"gruppi","link":"https:\/\/www.etetrad.org\/fr\/gruppi\/blu-lazard\/","title":{"rendered":"Blu l'Azard"},"content":{"rendered":"<h3>Animations pour enfants de 0 \u00e0 100 ans<\/h3>\n<p>\u00c0 travers le jeu du chant, du mouvement et de l'\u00e9coute, les jeunes participants sont guid\u00e9s \u00e0 la d\u00e9couverte des sons et des mots des langues parl\u00e9es dans les vall\u00e9es alpines : le francoproven\u00e7al, l'occitan, le pi\u00e9montais, le fran\u00e7ais et l'italien. L'exp\u00e9rience est enrichie par un moment de danse collective avec la courenta, pour explorer ensemble le rythme, le corps et le mouvement.<\/p>\n","protected":false},"excerpt":{"rendered":"<p>Animations pour enfants de 0 \u00e0 100 ans \u00c0 travers le jeu du chant, du mouvement et de l'\u00e9coute, les jeunes participants sont guid\u00e9s \u00e0 la d\u00e9couverte des sons et des mots des langues parl\u00e9es dans les vall\u00e9es alpines : le francoproven\u00e7al, l'occitan, le pi\u00e9montais, le fran\u00e7ais et l'italien. L'exp\u00e9rience est enrichie par un moment [&hellip;]<\/p>\n","protected":false},"author":1,"featured_media":1942,"template":"","class_list":["post-1941","gruppi","type-gruppi","status-publish","has-post-thumbnail","hentry"],"acf":[],"_links":{"self":[{"href":"https:\/\/www.etetrad.org\/fr\/wp-json\/wp\/v2\/gruppi\/1941","targetHints":{"allow":["GET"]}}],"collection":[{"href":"https:\/\/www.etetrad.org\/fr\/wp-json\/wp\/v2\/gruppi"}],"about":[{"href":"https:\/\/www.etetrad.org\/fr\/wp-json\/wp\/v2\/types\/gruppi"}],"author":[{"embeddable":true,"href":"https:\/\/www.etetrad.org\/fr\/wp-json\/wp\/v2\/users\/1"}],"version-history":[{"count":2,"href":"https:\/\/www.etetrad.org\/fr\/wp-json\/wp\/v2\/gruppi\/1941\/revisions"}],"predecessor-version":[{"id":1947,"href":"https:\/\/www.etetrad.org\/fr\/wp-json\/wp\/v2\/gruppi\/1941\/revisions\/1947"}],"wp:featuredmedia":[{"embeddable":true,"href":"https:\/\/www.etetrad.org\/fr\/wp-json\/wp\/v2\/media\/1942"}],"wp:attachment":[{"href":"https:\/\/www.etetrad.org\/fr\/wp-json\/wp\/v2\/media?parent=1941"}],"curies":[{"name":"wp","href":"https:\/\/api.w.org\/{rel}","templated":true}]}}

<h3>Animations pour enfants de 0 à 100 ans</h3>
<p>À travers le jeu du chant, du mouvement et de l'écoute, les jeunes participants sont guidés à la découverte des sons et des mots des langues parlées dans les vallées alpines : le francoprovençal, l'occitan, le piémontais, le français et l'italien. L'expérience est enrichie par un moment de danse collective avec la courenta, pour explorer ensemble le rythme, le corps et le mouvement.</p>

<p>Animations pour enfants de 0 à 100 ans À travers le jeu du chant, du mouvement et de l'écoute, les jeunes participants sont guidés à la découverte des sons et des mots des langues parlées dans les vallées alpines : le francoprovençal, l'occitan, le piémontais, le français et l'italien. L'expérience est enrichie par un moment [&hellip;]</p>
