{"id":1819,"date":"2025-07-29T15:27:42","date_gmt":"2025-07-29T13:27:42","guid":{"rendered":"https:\/\/www.etetrad.org\/gruppi\/cornamuse-del-mondo\/"},"modified":"2025-07-30T16:19:44","modified_gmt":"2025-07-30T14:19:44","slug":"cornemuses-du-monde","status":"publish","type":"gruppi","link":"https:\/\/www.etetrad.org\/fr\/gruppi\/cornemuses-du-monde\/","title":{"rendered":"Cornemuses du monde (expo)"},"content":{"rendered":"<p>Le ma\u00eetre luthier, multi-instrumentiste et chercheur Daniele Bicego revient \u00e0 ETETRAD apr\u00e8s la pr\u00e9sentation de son livre Cantami o M\u00fcsa lors de la derni\u00e8re \u00e9dition, accompagn\u00e9 de sa collection de cornemuses du monde, pour accompagner les visiteurs dans un voyage \u00e0 la d\u00e9couverte d'un monde sonore fascinant.<\/p>\n","protected":false},"excerpt":{"rendered":"<p>Le ma\u00eetre luthier, multi-instrumentiste et chercheur Daniele Bicego revient \u00e0 ETETRAD apr\u00e8s la pr\u00e9sentation de son livre Cantami o M\u00fcsa lors de la derni\u00e8re \u00e9dition, accompagn\u00e9 de sa collection de cornemuses du monde, pour accompagner les visiteurs dans un voyage \u00e0 la d\u00e9couverte d'un monde sonore fascinant.<\/p>\n","protected":false},"author":1,"featured_media":1817,"template":"","class_list":["post-1819","gruppi","type-gruppi","status-publish","has-post-thumbnail","hentry"],"acf":[],"_links":{"self":[{"href":"https:\/\/www.etetrad.org\/fr\/wp-json\/wp\/v2\/gruppi\/1819","targetHints":{"allow":["GET"]}}],"collection":[{"href":"https:\/\/www.etetrad.org\/fr\/wp-json\/wp\/v2\/gruppi"}],"about":[{"href":"https:\/\/www.etetrad.org\/fr\/wp-json\/wp\/v2\/types\/gruppi"}],"author":[{"embeddable":true,"href":"https:\/\/www.etetrad.org\/fr\/wp-json\/wp\/v2\/users\/1"}],"version-history":[{"count":4,"href":"https:\/\/www.etetrad.org\/fr\/wp-json\/wp\/v2\/gruppi\/1819\/revisions"}],"predecessor-version":[{"id":1908,"href":"https:\/\/www.etetrad.org\/fr\/wp-json\/wp\/v2\/gruppi\/1819\/revisions\/1908"}],"wp:featuredmedia":[{"embeddable":true,"href":"https:\/\/www.etetrad.org\/fr\/wp-json\/wp\/v2\/media\/1817"}],"wp:attachment":[{"href":"https:\/\/www.etetrad.org\/fr\/wp-json\/wp\/v2\/media?parent=1819"}],"curies":[{"name":"wp","href":"https:\/\/api.w.org\/{rel}","templated":true}]}}

<p>Le maître luthier, multi-instrumentiste et chercheur Daniele Bicego revient à ETETRAD après la présentation de son livre Cantami o Müsa lors de la dernière édition, accompagné de sa collection de cornemuses du monde, pour accompagner les visiteurs dans un voyage à la découverte d'un monde sonore fascinant.</p>
