{"id":1807,"date":"2025-07-29T15:24:14","date_gmt":"2025-07-29T13:24:14","guid":{"rendered":"https:\/\/www.etetrad.org\/gruppi\/musicanti-del-piccolo-borgo\/"},"modified":"2025-07-30T16:19:58","modified_gmt":"2025-07-30T14:19:58","slug":"musicanti-del-piccolo-borgo","status":"publish","type":"gruppi","link":"https:\/\/www.etetrad.org\/fr\/gruppi\/musicanti-del-piccolo-borgo\/","title":{"rendered":"Musicanti del Piccolo Borgo (concert)"},"content":{"rendered":"<p>Fond\u00e9 \u00e0 Rome en 1975 dans les locaux du lyc\u00e9e Archimede, l'ensemble est actif depuis 50 ans avec la mission de pr\u00e9server le patrimoine musical agro-pastoral et de le transmettre aux g\u00e9n\u00e9rations futures. Sous la direction de son fondateur Silvio Trotta, ils proposent une musique inspir\u00e9e des anciens chanteurs rencontr\u00e9s lors des recherches dans les ann\u00e9es 1970 en Molise et dans le sud du Latium.<\/p>\n","protected":false},"excerpt":{"rendered":"<p>Fond\u00e9 \u00e0 Rome en 1975 dans les locaux du lyc\u00e9e Archimede, l'ensemble est actif depuis 50 ans avec la mission de pr\u00e9server le patrimoine musical agro-pastoral et de le transmettre aux g\u00e9n\u00e9rations futures. Sous la direction de son fondateur Silvio Trotta, ils proposent une musique inspir\u00e9e des anciens chanteurs rencontr\u00e9s lors des recherches dans les [&hellip;]<\/p>\n","protected":false},"author":1,"featured_media":1805,"template":"","class_list":["post-1807","gruppi","type-gruppi","status-publish","has-post-thumbnail","hentry"],"acf":[],"_links":{"self":[{"href":"https:\/\/www.etetrad.org\/fr\/wp-json\/wp\/v2\/gruppi\/1807","targetHints":{"allow":["GET"]}}],"collection":[{"href":"https:\/\/www.etetrad.org\/fr\/wp-json\/wp\/v2\/gruppi"}],"about":[{"href":"https:\/\/www.etetrad.org\/fr\/wp-json\/wp\/v2\/types\/gruppi"}],"author":[{"embeddable":true,"href":"https:\/\/www.etetrad.org\/fr\/wp-json\/wp\/v2\/users\/1"}],"version-history":[{"count":2,"href":"https:\/\/www.etetrad.org\/fr\/wp-json\/wp\/v2\/gruppi\/1807\/revisions"}],"predecessor-version":[{"id":1910,"href":"https:\/\/www.etetrad.org\/fr\/wp-json\/wp\/v2\/gruppi\/1807\/revisions\/1910"}],"wp:featuredmedia":[{"embeddable":true,"href":"https:\/\/www.etetrad.org\/fr\/wp-json\/wp\/v2\/media\/1805"}],"wp:attachment":[{"href":"https:\/\/www.etetrad.org\/fr\/wp-json\/wp\/v2\/media?parent=1807"}],"curies":[{"name":"wp","href":"https:\/\/api.w.org\/{rel}","templated":true}]}}

<p>Fondé à Rome en 1975 dans les locaux du lycée Archimede, l'ensemble est actif depuis 50 ans avec la mission de préserver le patrimoine musical agro-pastoral et de le transmettre aux générations futures. Sous la direction de son fondateur Silvio Trotta, ils proposent une musique inspirée des anciens chanteurs rencontrés lors des recherches dans les années 1970 en Molise et dans le sud du Latium.</p>

<p>Fondé à Rome en 1975 dans les locaux du lycée Archimede, l'ensemble est actif depuis 50 ans avec la mission de préserver le patrimoine musical agro-pastoral et de le transmettre aux générations futures. Sous la direction de son fondateur Silvio Trotta, ils proposent une musique inspirée des anciens chanteurs rencontrés lors des recherches dans les [&hellip;]</p>
