{"id":1783,"date":"2025-07-29T15:16:14","date_gmt":"2025-07-29T13:16:14","guid":{"rendered":"https:\/\/www.etetrad.org\/gruppi\/duo-sarzier-simonnin\/"},"modified":"2025-07-30T16:20:28","modified_gmt":"2025-07-30T14:20:28","slug":"duo-sarzier-simonnin","status":"publish","type":"gruppi","link":"https:\/\/www.etetrad.org\/fr\/gruppi\/duo-sarzier-simonnin\/","title":{"rendered":"Duo Sarzier - Simonnin (bal)"},"content":{"rendered":"<p>Ce nouveau duo allie l'exp\u00e9rience d'un grand ami d'ETETRAD, Jean-Pierre Sarzier (clarinettes) qui fut d\u00e9j\u00e0 un des protagonistes de la premi\u00e8re \u00e9dition en 1998 avec D\u00e9dale, et de Tiennet Simonnin, accord\u00e9oniste talentueux amoureux des musiques du Centre France et particuli\u00e8rement de la Bourr\u00e9e, impliqu\u00e9 dans de nombreuses formations philologiques ou plus exp\u00e9rimentales.<\/p>\n","protected":false},"excerpt":{"rendered":"<p>Ce nouveau duo allie l'exp\u00e9rience d'un grand ami d'ETETRAD, Jean-Pierre Sarzier (clarinettes) qui fut d\u00e9j\u00e0 un des protagonistes de la premi\u00e8re \u00e9dition en 1998 avec D\u00e9dale, et de Tiennet Simonnin, accord\u00e9oniste talentueux amoureux des musiques du Centre France et particuli\u00e8rement de la Bourr\u00e9e, impliqu\u00e9 dans de nombreuses formations philologiques ou plus exp\u00e9rimentales.<\/p>\n","protected":false},"author":1,"featured_media":1781,"template":"","class_list":["post-1783","gruppi","type-gruppi","status-publish","has-post-thumbnail","hentry"],"acf":[],"_links":{"self":[{"href":"https:\/\/www.etetrad.org\/fr\/wp-json\/wp\/v2\/gruppi\/1783","targetHints":{"allow":["GET"]}}],"collection":[{"href":"https:\/\/www.etetrad.org\/fr\/wp-json\/wp\/v2\/gruppi"}],"about":[{"href":"https:\/\/www.etetrad.org\/fr\/wp-json\/wp\/v2\/types\/gruppi"}],"author":[{"embeddable":true,"href":"https:\/\/www.etetrad.org\/fr\/wp-json\/wp\/v2\/users\/1"}],"version-history":[{"count":2,"href":"https:\/\/www.etetrad.org\/fr\/wp-json\/wp\/v2\/gruppi\/1783\/revisions"}],"predecessor-version":[{"id":1914,"href":"https:\/\/www.etetrad.org\/fr\/wp-json\/wp\/v2\/gruppi\/1783\/revisions\/1914"}],"wp:featuredmedia":[{"embeddable":true,"href":"https:\/\/www.etetrad.org\/fr\/wp-json\/wp\/v2\/media\/1781"}],"wp:attachment":[{"href":"https:\/\/www.etetrad.org\/fr\/wp-json\/wp\/v2\/media?parent=1783"}],"curies":[{"name":"wp","href":"https:\/\/api.w.org\/{rel}","templated":true}]}}

<p>Ce nouveau duo allie l'expérience d'un grand ami d'ETETRAD, Jean-Pierre Sarzier (clarinettes) qui fut déjà un des protagonistes de la première édition en 1998 avec Dédale, et de Tiennet Simonnin, accordéoniste talentueux amoureux des musiques du Centre France et particulièrement de la Bourrée, impliqué dans de nombreuses formations philologiques ou plus expérimentales.</p>
