{"id":1771,"date":"2025-07-29T15:10:46","date_gmt":"2025-07-29T13:10:46","guid":{"rendered":"https:\/\/www.etetrad.org\/gruppi\/miscellaneis-quartet\/"},"modified":"2025-07-30T16:20:48","modified_gmt":"2025-07-30T14:20:48","slug":"miscellaneis-quartet","status":"publish","type":"gruppi","link":"https:\/\/www.etetrad.org\/fr\/gruppi\/miscellaneis-quartet\/","title":{"rendered":"Miscellaneis Quartet (bal)"},"content":{"rendered":"<p>Apr\u00e8s une p\u00e9riode musicale consacr\u00e9e au jazz, J\u00e9r\u00e9mie Mignotte remonte son r\u00e9pertoire de bal solo initi\u00e9 en 2015 dans une nouvelle version en quartet. Influences pop, jazz ou funky, irlandaises, indiennes ou africaines, les compositions du fl\u00fbtistes sont parsem\u00e9es d\u2019improvisations jubilatoires soutenues par une rythmique impeccable toujours au service de la danse.<\/p>\n","protected":false},"excerpt":{"rendered":"<p>Apr\u00e8s une p\u00e9riode musicale consacr\u00e9e au jazz, J\u00e9r\u00e9mie Mignotte remonte son r\u00e9pertoire de bal solo initi\u00e9 en 2015 dans une nouvelle version en quartet. Influences pop, jazz ou funky, irlandaises, indiennes ou africaines, les compositions du fl\u00fbtistes sont parsem\u00e9es d\u2019improvisations jubilatoires soutenues par une rythmique impeccable toujours au service de la danse.<\/p>\n","protected":false},"author":1,"featured_media":1769,"template":"","class_list":["post-1771","gruppi","type-gruppi","status-publish","has-post-thumbnail","hentry"],"acf":[],"_links":{"self":[{"href":"https:\/\/www.etetrad.org\/fr\/wp-json\/wp\/v2\/gruppi\/1771","targetHints":{"allow":["GET"]}}],"collection":[{"href":"https:\/\/www.etetrad.org\/fr\/wp-json\/wp\/v2\/gruppi"}],"about":[{"href":"https:\/\/www.etetrad.org\/fr\/wp-json\/wp\/v2\/types\/gruppi"}],"author":[{"embeddable":true,"href":"https:\/\/www.etetrad.org\/fr\/wp-json\/wp\/v2\/users\/1"}],"version-history":[{"count":2,"href":"https:\/\/www.etetrad.org\/fr\/wp-json\/wp\/v2\/gruppi\/1771\/revisions"}],"predecessor-version":[{"id":1916,"href":"https:\/\/www.etetrad.org\/fr\/wp-json\/wp\/v2\/gruppi\/1771\/revisions\/1916"}],"wp:featuredmedia":[{"embeddable":true,"href":"https:\/\/www.etetrad.org\/fr\/wp-json\/wp\/v2\/media\/1769"}],"wp:attachment":[{"href":"https:\/\/www.etetrad.org\/fr\/wp-json\/wp\/v2\/media?parent=1771"}],"curies":[{"name":"wp","href":"https:\/\/api.w.org\/{rel}","templated":true}]}}

<p>Après une période musicale consacrée au jazz, Jérémie Mignotte remonte son répertoire de bal solo initié en 2015 dans une nouvelle version en quartet. Influences pop, jazz ou funky, irlandaises, indiennes ou africaines, les compositions du flûtistes sont parsemées d’improvisations jubilatoires soutenues par une rythmique impeccable toujours au service de la danse.</p>
