{"id":1752,"date":"2025-07-29T14:53:09","date_gmt":"2025-07-29T12:53:09","guid":{"rendered":"https:\/\/www.etetrad.org\/gruppi\/lorage\/"},"modified":"2025-07-30T16:21:16","modified_gmt":"2025-07-30T14:21:16","slug":"lorage","status":"publish","type":"gruppi","link":"https:\/\/www.etetrad.org\/fr\/gruppi\/lorage\/","title":{"rendered":"L'Orage (concert)"},"content":{"rendered":"<p>Alberto Visconti et les fr\u00e8res Boniface reviennent sur sc\u00e8ne \u00e0 ETETRAD avec une nouvelle formation et le r\u00e9pertoire de chansons oniriques qui les a rendus c\u00e9l\u00e8bres pour leur sonorit\u00e9 folk-pop-rock, qui exploite les racines alpines des instruments trad pour lib\u00e9rer une cr\u00e9ativit\u00e9 d\u00e9brid\u00e9e. Ils interpr\u00e9teront \u00e9galement des chansons c\u00e9l\u00e9brant le 80e anniversaire de la lib\u00e9ration du nazi-fascisme.<\/p>\n","protected":false},"excerpt":{"rendered":"<p>Alberto Visconti et les fr\u00e8res Boniface reviennent sur sc\u00e8ne \u00e0 ETETRAD avec une nouvelle formation et le r\u00e9pertoire de chansons oniriques qui les a rendus c\u00e9l\u00e8bres pour leur sonorit\u00e9 folk-pop-rock, qui exploite les racines alpines des instruments trad pour lib\u00e9rer une cr\u00e9ativit\u00e9 d\u00e9brid\u00e9e. Ils interpr\u00e9teront \u00e9galement des chansons c\u00e9l\u00e9brant le 80e anniversaire de la lib\u00e9ration [&hellip;]<\/p>\n","protected":false},"author":1,"featured_media":1750,"template":"","class_list":["post-1752","gruppi","type-gruppi","status-publish","has-post-thumbnail","hentry"],"acf":[],"_links":{"self":[{"href":"https:\/\/www.etetrad.org\/fr\/wp-json\/wp\/v2\/gruppi\/1752","targetHints":{"allow":["GET"]}}],"collection":[{"href":"https:\/\/www.etetrad.org\/fr\/wp-json\/wp\/v2\/gruppi"}],"about":[{"href":"https:\/\/www.etetrad.org\/fr\/wp-json\/wp\/v2\/types\/gruppi"}],"author":[{"embeddable":true,"href":"https:\/\/www.etetrad.org\/fr\/wp-json\/wp\/v2\/users\/1"}],"version-history":[{"count":2,"href":"https:\/\/www.etetrad.org\/fr\/wp-json\/wp\/v2\/gruppi\/1752\/revisions"}],"predecessor-version":[{"id":1919,"href":"https:\/\/www.etetrad.org\/fr\/wp-json\/wp\/v2\/gruppi\/1752\/revisions\/1919"}],"wp:featuredmedia":[{"embeddable":true,"href":"https:\/\/www.etetrad.org\/fr\/wp-json\/wp\/v2\/media\/1750"}],"wp:attachment":[{"href":"https:\/\/www.etetrad.org\/fr\/wp-json\/wp\/v2\/media?parent=1752"}],"curies":[{"name":"wp","href":"https:\/\/api.w.org\/{rel}","templated":true}]}}

<p>Alberto Visconti et les frères Boniface reviennent sur scène à ETETRAD avec une nouvelle formation et le répertoire de chansons oniriques qui les a rendus célèbres pour leur sonorité folk-pop-rock, qui exploite les racines alpines des instruments trad pour libérer une créativité débridée. Ils interpréteront également des chansons célébrant le 80e anniversaire de la libération du nazi-fascisme.</p>

<p>Alberto Visconti et les frères Boniface reviennent sur scène à ETETRAD avec une nouvelle formation et le répertoire de chansons oniriques qui les a rendus célèbres pour leur sonorité folk-pop-rock, qui exploite les racines alpines des instruments trad pour libérer une créativité débridée. Ils interpréteront également des chansons célébrant le 80e anniversaire de la libération [&hellip;]</p>
